{"id":2368,"date":"2025-12-11T16:17:24","date_gmt":"2025-12-11T16:17:24","guid":{"rendered":"https:\/\/cicrecife.com.br\/novo\/?page_id=2368"},"modified":"2026-01-26T14:39:06","modified_gmt":"2026-01-26T14:39:06","slug":"elementor-2368","status":"publish","type":"page","link":"https:\/\/cicrecife.com.br\/novo\/elementor-2368\/","title":{"rendered":"LISTA DE MATERIAIS 2026"},"content":{"rendered":"\t\t<div data-elementor-type=\"wp-post\" data-elementor-id=\"2368\" class=\"elementor elementor-2368\">\n\t\t\t\t\t\t\t<div class=\"elementor-element elementor-element-97ac6a4 e-con-full e-con\" data-id=\"97ac6a4\" data-element_type=\"container\" data-settings=\"{&quot;content_width&quot;:&quot;full&quot;}\">\n\t\t\t\t<div class=\"elementor-element elementor-element-5a3e348 elementor-widget elementor-widget-heading\" data-id=\"5a3e348\" data-element_type=\"widget\" data-widget_type=\"heading.default\">\n\t\t\t\t<div class=\"elementor-widget-container\">\n\t\t\t<style>\/*! elementor - v3.12.2 - 23-04-2023 *\/\n.elementor-heading-title{padding:0;margin:0;line-height:1}.elementor-widget-heading .elementor-heading-title[class*=elementor-size-]>a{color:inherit;font-size:inherit;line-height:inherit}.elementor-widget-heading .elementor-heading-title.elementor-size-small{font-size:15px}.elementor-widget-heading .elementor-heading-title.elementor-size-medium{font-size:19px}.elementor-widget-heading .elementor-heading-title.elementor-size-large{font-size:29px}.elementor-widget-heading .elementor-heading-title.elementor-size-xl{font-size:39px}.elementor-widget-heading .elementor-heading-title.elementor-size-xxl{font-size:59px}<\/style><h2 class=\"elementor-heading-title elementor-size-default\">EDUCA\u00c7\u00c3O INFANTIL <\/h2>\t\t<\/div>\n\t\t\t\t<\/div>\n\t\t\t\t<div class=\"elementor-element elementor-element-e55276e elementor-icon-list--layout-traditional elementor-list-item-link-full_width elementor-widget elementor-widget-icon-list\" data-id=\"e55276e\" data-element_type=\"widget\" data-widget_type=\"icon-list.default\">\n\t\t\t\t<div class=\"elementor-widget-container\">\n\t\t\t<link rel=\"stylesheet\" href=\"https:\/\/cicrecife.com.br\/novo\/wp-content\/plugins\/elementor\/assets\/css\/widget-icon-list.min.css\">\t\t<ul class=\"elementor-icon-list-items\">\n\t\t\t\t\t\t\t<li class=\"elementor-icon-list-item\">\n\t\t\t\t\t\t\t\t\t\t\t<a href=\"https:\/\/cicrecife.com.br\/novo\/wp-content\/uploads\/2026\/01\/Relacao-de-Materiais-2025.pdf\" rel=\"nofollow\">\n\n\t\t\t\t\t\t\t\t\t\t\t\t<span class=\"elementor-icon-list-icon\">\n\t\t\t\t\t\t\t<i aria-hidden=\"true\" class=\"far fa-paper-plane\"><\/i>\t\t\t\t\t\t<\/span>\n\t\t\t\t\t\t\t\t\t\t<span class=\"elementor-icon-list-text\">Infantil I<\/span>\n\t\t\t\t\t\t\t\t\t\t\t<\/a>\n\t\t\t\t\t\t\t\t\t<\/li>\n\t\t\t\t\t\t\t\t<li class=\"elementor-icon-list-item\">\n\t\t\t\t\t\t\t\t\t\t\t<a href=\"https:\/\/cicrecife.com.br\/novo\/wp-content\/uploads\/2026\/01\/Relacao-de-Materiais-2025-1.pdf\">\n\n\t\t\t\t\t\t\t\t\t\t\t\t<span class=\"elementor-icon-list-icon\">\n\t\t\t\t\t\t\t<i aria-hidden=\"true\" class=\"far fa-paper-plane\"><\/i>\t\t\t\t\t\t<\/span>\n\t\t\t\t\t\t\t\t\t\t<span class=\"elementor-icon-list-text\">Infantil II<\/span>\n\t\t\t\t\t\t\t\t\t\t\t<\/a>\n\t\t\t\t\t\t\t\t\t<\/li>\n\t\t\t\t\t\t\t\t<li class=\"elementor-icon-list-item\">\n\t\t\t\t\t\t\t\t\t\t\t<a href=\"https:\/\/cicrecife.com.br\/novo\/wp-content\/uploads\/2026\/01\/Relacao-de-Materiais-2025-2.pdf\">\n\n\t\t\t\t\t\t\t\t\t\t\t\t<span class=\"elementor-icon-list-icon\">\n\t\t\t\t\t\t\t<i aria-hidden=\"true\" class=\"far fa-paper-plane\"><\/i>\t\t\t\t\t\t<\/span>\n\t\t\t\t\t\t\t\t\t\t<span class=\"elementor-icon-list-text\">Infantil III<\/span>\n\t\t\t\t\t\t\t\t\t\t\t<\/a>\n\t\t\t\t\t\t\t\t\t<\/li>\n\t\t\t\t\t\t\t\t<li class=\"elementor-icon-list-item\">\n\t\t\t\t\t\t\t\t\t\t\t<a href=\"https:\/\/cicrecife.com.br\/novo\/wp-content\/uploads\/2026\/01\/Relacao-de-Materiais-2025-3.pdf\">\n\n\t\t\t\t\t\t\t\t\t\t\t\t<span class=\"elementor-icon-list-icon\">\n\t\t\t\t\t\t\t<i aria-hidden=\"true\" class=\"far fa-paper-plane\"><\/i>\t\t\t\t\t\t<\/span>\n\t\t\t\t\t\t\t\t\t\t<span class=\"elementor-icon-list-text\">Infantil IV<\/span>\n\t\t\t\t\t\t\t\t\t\t\t<\/a>\n\t\t\t\t\t\t\t\t\t<\/li>\n\t\t\t\t\t\t<\/ul>\n\t\t\t\t<\/div>\n\t\t\t\t<\/div>\n\t\t\t\t<\/div>\n\t\t<div class=\"elementor-element elementor-element-2f3303b e-con-boxed e-con\" data-id=\"2f3303b\" data-element_type=\"container\" data-settings=\"{&quot;content_width&quot;:&quot;boxed&quot;}\">\n\t\t\t\t\t<div class=\"e-con-inner\">\n\t\t\t\t<div class=\"elementor-element elementor-element-43b3cef elementor-widget elementor-widget-heading\" data-id=\"43b3cef\" data-element_type=\"widget\" data-widget_type=\"heading.default\">\n\t\t\t\t<div class=\"elementor-widget-container\">\n\t\t\t<h2 class=\"elementor-heading-title elementor-size-default\">FUNDAMENTAL<\/h2>\t\t<\/div>\n\t\t\t\t<\/div>\n\t\t\t\t<div class=\"elementor-element elementor-element-9d53880 elementor-icon-list--layout-traditional elementor-list-item-link-full_width elementor-widget elementor-widget-icon-list\" data-id=\"9d53880\" data-element_type=\"widget\" data-widget_type=\"icon-list.default\">\n\t\t\t\t<div class=\"elementor-widget-container\">\n\t\t\t\t\t<ul class=\"elementor-icon-list-items\">\n\t\t\t\t\t\t\t<li class=\"elementor-icon-list-item\">\n\t\t\t\t\t\t\t\t\t\t\t<a href=\"https:\/\/cicrecife.com.br\/novo\/wp-content\/uploads\/2025\/12\/Lista-de-Materiais-1o-ano-.pdf\">\n\n\t\t\t\t\t\t\t\t\t\t\t\t<span class=\"elementor-icon-list-icon\">\n\t\t\t\t\t\t\t<i aria-hidden=\"true\" class=\"far fa-paper-plane\"><\/i>\t\t\t\t\t\t<\/span>\n\t\t\t\t\t\t\t\t\t\t<span class=\"elementor-icon-list-text\">1\u00ba ano  -  Fundamental Anos Iniciais <\/span>\n\t\t\t\t\t\t\t\t\t\t\t<\/a>\n\t\t\t\t\t\t\t\t\t<\/li>\n\t\t\t\t\t\t\t\t<li class=\"elementor-icon-list-item\">\n\t\t\t\t\t\t\t\t\t\t\t<a href=\"https:\/\/cicrecife.com.br\/novo\/wp-content\/uploads\/2025\/12\/Lista-de-Materiais-2o-ano-.pdf\">\n\n\t\t\t\t\t\t\t\t\t\t\t\t<span class=\"elementor-icon-list-icon\">\n\t\t\t\t\t\t\t<i aria-hidden=\"true\" class=\"far fa-paper-plane\"><\/i>\t\t\t\t\t\t<\/span>\n\t\t\t\t\t\t\t\t\t\t<span class=\"elementor-icon-list-text\">2\u00ba ano -  Fundamental Anos Iniciais<\/span>\n\t\t\t\t\t\t\t\t\t\t\t<\/a>\n\t\t\t\t\t\t\t\t\t<\/li>\n\t\t\t\t\t\t\t\t<li class=\"elementor-icon-list-item\">\n\t\t\t\t\t\t\t\t\t\t\t<a href=\"https:\/\/cicrecife.com.br\/novo\/wp-content\/uploads\/2025\/12\/Lista-de-Materiais-3o-ano-.pdf\">\n\n\t\t\t\t\t\t\t\t\t\t\t\t<span class=\"elementor-icon-list-icon\">\n\t\t\t\t\t\t\t<i aria-hidden=\"true\" class=\"far fa-paper-plane\"><\/i>\t\t\t\t\t\t<\/span>\n\t\t\t\t\t\t\t\t\t\t<span class=\"elementor-icon-list-text\">3\u00ba Ano - Fundamental Anos Iniciais <\/span>\n\t\t\t\t\t\t\t\t\t\t\t<\/a>\n\t\t\t\t\t\t\t\t\t<\/li>\n\t\t\t\t\t\t\t\t<li class=\"elementor-icon-list-item\">\n\t\t\t\t\t\t\t\t\t\t\t<a href=\"https:\/\/cicrecife.com.br\/novo\/wp-content\/uploads\/2025\/12\/Lista-de-Materiais-4o-ano-.pdf\">\n\n\t\t\t\t\t\t\t\t\t\t\t\t<span class=\"elementor-icon-list-icon\">\n\t\t\t\t\t\t\t<i aria-hidden=\"true\" class=\"far fa-paper-plane\"><\/i>\t\t\t\t\t\t<\/span>\n\t\t\t\t\t\t\t\t\t\t<span class=\"elementor-icon-list-text\">4\u00ba Ano - Fundamental Anos Iniciais <\/span>\n\t\t\t\t\t\t\t\t\t\t\t<\/a>\n\t\t\t\t\t\t\t\t\t<\/li>\n\t\t\t\t\t\t\t\t<li class=\"elementor-icon-list-item\">\n\t\t\t\t\t\t\t\t\t\t\t<a href=\"https:\/\/cicrecife.com.br\/novo\/wp-content\/uploads\/2025\/12\/Lista-de-Materiais-5o-ano-2.pdf\">\n\n\t\t\t\t\t\t\t\t\t\t\t\t<span class=\"elementor-icon-list-icon\">\n\t\t\t\t\t\t\t<i aria-hidden=\"true\" class=\"far fa-paper-plane\"><\/i>\t\t\t\t\t\t<\/span>\n\t\t\t\t\t\t\t\t\t\t<span class=\"elementor-icon-list-text\">5\u00ba Ano - Fundamental Anos Iniciais <\/span>\n\t\t\t\t\t\t\t\t\t\t\t<\/a>\n\t\t\t\t\t\t\t\t\t<\/li>\n\t\t\t\t\t\t<\/ul>\n\t\t\t\t<\/div>\n\t\t\t\t<\/div>\n\t\t\t\t\t<\/div>\n\t\t\t\t<\/div>\n\t\t<div class=\"elementor-element elementor-element-e7564e2 e-con-boxed e-con\" data-id=\"e7564e2\" data-element_type=\"container\" data-settings=\"{&quot;content_width&quot;:&quot;boxed&quot;}\">\n\t\t\t\t\t<div class=\"e-con-inner\">\n\t\t\t\t<div class=\"elementor-element elementor-element-d7a9b29 elementor-icon-list--layout-traditional elementor-list-item-link-full_width elementor-widget elementor-widget-icon-list\" data-id=\"d7a9b29\" data-element_type=\"widget\" data-widget_type=\"icon-list.default\">\n\t\t\t\t<div class=\"elementor-widget-container\">\n\t\t\t\t\t<ul class=\"elementor-icon-list-items\">\n\t\t\t\t\t\t\t<li class=\"elementor-icon-list-item\">\n\t\t\t\t\t\t\t\t\t\t\t<a href=\"https:\/\/cicrecife.com.br\/novo\/wp-content\/uploads\/2025\/12\/Lista-de-Materiais-6o-ano-1-1.pdf\">\n\n\t\t\t\t\t\t\t\t\t\t\t\t<span class=\"elementor-icon-list-icon\">\n\t\t\t\t\t\t\t<i aria-hidden=\"true\" class=\"far fa-paper-plane\"><\/i>\t\t\t\t\t\t<\/span>\n\t\t\t\t\t\t\t\t\t\t<span class=\"elementor-icon-list-text\">6\u00ba Ano  - Fundamental Anos Finais <\/span>\n\t\t\t\t\t\t\t\t\t\t\t<\/a>\n\t\t\t\t\t\t\t\t\t<\/li>\n\t\t\t\t\t\t\t\t<li class=\"elementor-icon-list-item\">\n\t\t\t\t\t\t\t\t\t\t\t<a href=\"https:\/\/cicrecife.com.br\/novo\/wp-content\/uploads\/2025\/12\/Lista-de-Materiais-7o-ano-.pdf\">\n\n\t\t\t\t\t\t\t\t\t\t\t\t<span class=\"elementor-icon-list-icon\">\n\t\t\t\t\t\t\t<i aria-hidden=\"true\" class=\"far fa-paper-plane\"><\/i>\t\t\t\t\t\t<\/span>\n\t\t\t\t\t\t\t\t\t\t<span class=\"elementor-icon-list-text\">7\u00ba Ano - Fundamental Anos Finais <\/span>\n\t\t\t\t\t\t\t\t\t\t\t<\/a>\n\t\t\t\t\t\t\t\t\t<\/li>\n\t\t\t\t\t\t\t\t<li class=\"elementor-icon-list-item\">\n\t\t\t\t\t\t\t\t\t\t\t<a href=\"https:\/\/cicrecife.com.br\/novo\/wp-content\/uploads\/2025\/12\/Lista-de-Materiais-8o-ano-.pdf\">\n\n\t\t\t\t\t\t\t\t\t\t\t\t<span class=\"elementor-icon-list-icon\">\n\t\t\t\t\t\t\t<i aria-hidden=\"true\" class=\"far fa-paper-plane\"><\/i>\t\t\t\t\t\t<\/span>\n\t\t\t\t\t\t\t\t\t\t<span class=\"elementor-icon-list-text\">8\u00ba Ano - Fundamental Anos Finais <\/span>\n\t\t\t\t\t\t\t\t\t\t\t<\/a>\n\t\t\t\t\t\t\t\t\t<\/li>\n\t\t\t\t\t\t\t\t<li class=\"elementor-icon-list-item\">\n\t\t\t\t\t\t\t\t\t\t\t<a href=\"https:\/\/cicrecife.com.br\/novo\/wp-content\/uploads\/2025\/12\/Lista-de-Materiais-9o-ano-1-1.pdf\">\n\n\t\t\t\t\t\t\t\t\t\t\t\t<span class=\"elementor-icon-list-icon\">\n\t\t\t\t\t\t\t<i aria-hidden=\"true\" class=\"far fa-paper-plane\"><\/i>\t\t\t\t\t\t<\/span>\n\t\t\t\t\t\t\t\t\t\t<span class=\"elementor-icon-list-text\">9\u00ba Ano - Fundamental Anos Finais <\/span>\n\t\t\t\t\t\t\t\t\t\t\t<\/a>\n\t\t\t\t\t\t\t\t\t<\/li>\n\t\t\t\t\t\t<\/ul>\n\t\t\t\t<\/div>\n\t\t\t\t<\/div>\n\t\t\t\t\t<\/div>\n\t\t\t\t<\/div>\n\t\t<div class=\"elementor-element elementor-element-1cd5bf4 e-con-boxed e-con\" data-id=\"1cd5bf4\" data-element_type=\"container\" data-settings=\"{&quot;content_width&quot;:&quot;boxed&quot;}\">\n\t\t\t\t\t<div class=\"e-con-inner\">\n\t\t\t\t<div class=\"elementor-element elementor-element-af55f8a elementor-widget elementor-widget-heading\" data-id=\"af55f8a\" data-element_type=\"widget\" data-widget_type=\"heading.default\">\n\t\t\t\t<div class=\"elementor-widget-container\">\n\t\t\t<h2 class=\"elementor-heading-title elementor-size-default\">ENSINO M\u00c9DIO <\/h2>\t\t<\/div>\n\t\t\t\t<\/div>\n\t\t\t\t<div class=\"elementor-element elementor-element-9838bbb elementor-icon-list--layout-traditional elementor-list-item-link-full_width elementor-widget elementor-widget-icon-list\" data-id=\"9838bbb\" data-element_type=\"widget\" data-widget_type=\"icon-list.default\">\n\t\t\t\t<div class=\"elementor-widget-container\">\n\t\t\t\t\t<ul class=\"elementor-icon-list-items\">\n\t\t\t\t\t\t\t<li class=\"elementor-icon-list-item\">\n\t\t\t\t\t\t\t\t\t\t\t<a href=\"https:\/\/cicrecife.com.br\/novo\/wp-content\/uploads\/2025\/12\/Lista-de-Materiais-1o-serie-EM.pdf\">\n\n\t\t\t\t\t\t\t\t\t\t\t\t<span class=\"elementor-icon-list-icon\">\n\t\t\t\t\t\t\t<i aria-hidden=\"true\" class=\"far fa-paper-plane\"><\/i>\t\t\t\t\t\t<\/span>\n\t\t\t\t\t\t\t\t\t\t<span class=\"elementor-icon-list-text\">1\u00aa S\u00e9rie - Ensino M\u00e9dio <\/span>\n\t\t\t\t\t\t\t\t\t\t\t<\/a>\n\t\t\t\t\t\t\t\t\t<\/li>\n\t\t\t\t\t\t\t\t<li class=\"elementor-icon-list-item\">\n\t\t\t\t\t\t\t\t\t\t\t<a href=\"https:\/\/cicrecife.com.br\/novo\/wp-content\/uploads\/2025\/12\/Lista-de-Materiais-2o-Serie-EM-.pdf\">\n\n\t\t\t\t\t\t\t\t\t\t\t\t<span class=\"elementor-icon-list-icon\">\n\t\t\t\t\t\t\t<i aria-hidden=\"true\" class=\"far fa-paper-plane\"><\/i>\t\t\t\t\t\t<\/span>\n\t\t\t\t\t\t\t\t\t\t<span class=\"elementor-icon-list-text\">2\u00ba S\u00e9rie - Ensino M\u00e9dio<\/span>\n\t\t\t\t\t\t\t\t\t\t\t<\/a>\n\t\t\t\t\t\t\t\t\t<\/li>\n\t\t\t\t\t\t\t\t<li class=\"elementor-icon-list-item\">\n\t\t\t\t\t\t\t\t\t\t\t<a href=\"https:\/\/cicrecife.com.br\/novo\/wp-content\/uploads\/2025\/12\/Lista-de-Materiais-3o-Serie-EM-.pdf\">\n\n\t\t\t\t\t\t\t\t\t\t\t\t<span class=\"elementor-icon-list-icon\">\n\t\t\t\t\t\t\t<i aria-hidden=\"true\" class=\"far fa-paper-plane\"><\/i>\t\t\t\t\t\t<\/span>\n\t\t\t\t\t\t\t\t\t\t<span class=\"elementor-icon-list-text\">3\u00ba S\u00e9rie - Ensino M\u00e9dio<\/span>\n\t\t\t\t\t\t\t\t\t\t\t<\/a>\n\t\t\t\t\t\t\t\t\t<\/li>\n\t\t\t\t\t\t<\/ul>\n\t\t\t\t<\/div>\n\t\t\t\t<\/div>\n\t\t\t\t\t<\/div>\n\t\t\t\t<\/div>\n\t\t\t\t\t\t\t<\/div>\n\t\t","protected":false},"excerpt":{"rendered":"<p>EDUCA\u00c7\u00c3O INFANTIL Infantil I Infantil II Infantil III Infantil IV FUNDAMENTAL 1\u00ba ano &#8211; Fundamental Anos Iniciais 2\u00ba ano &#8211; Fundamental Anos Iniciais 3\u00ba Ano &#8211; Fundamental Anos Iniciais 4\u00ba Ano &#8211; Fundamental Anos Iniciais 5\u00ba Ano &#8211; Fundamental Anos Iniciais 6\u00ba Ano &#8211; Fundamental Anos Finais 7\u00ba Ano &#8211; Fundamental Anos Finais 8\u00ba Ano [&hellip;]<\/p>\n","protected":false},"author":3,"featured_media":0,"parent":0,"menu_order":0,"comment_status":"closed","ping_status":"closed","template":"","meta":{"footnotes":"","_joinchat":[]},"yoast_head":"<!-- This site is optimized with the Yoast SEO plugin v20.6 - https:\/\/yoast.com\/wordpress\/plugins\/seo\/ -->\n<title>LISTA DE MATERIAIS 2026 - Col\u00e9gio da Imaculada Concei\u00e7\u00e3o<\/title>\n<meta name=\"robots\" content=\"index, follow, max-snippet:-1, max-image-preview:large, max-video-preview:-1\" \/>\n<link rel=\"canonical\" href=\"https:\/\/cicrecife.com.br\/novo\/elementor-2368\/\" \/>\n<meta property=\"og:locale\" content=\"pt_BR\" \/>\n<meta property=\"og:type\" content=\"article\" \/>\n<meta property=\"og:title\" content=\"LISTA DE MATERIAIS 2026 - Col\u00e9gio da Imaculada Concei\u00e7\u00e3o\" \/>\n<meta property=\"og:description\" content=\"EDUCA\u00c7\u00c3O INFANTIL Infantil I Infantil II Infantil III Infantil IV FUNDAMENTAL 1\u00ba ano &#8211; Fundamental Anos Iniciais 2\u00ba ano &#8211; Fundamental Anos Iniciais 3\u00ba Ano &#8211; Fundamental Anos Iniciais 4\u00ba Ano &#8211; Fundamental Anos Iniciais 5\u00ba Ano &#8211; Fundamental Anos Iniciais 6\u00ba Ano &#8211; Fundamental Anos Finais 7\u00ba Ano &#8211; Fundamental Anos Finais 8\u00ba Ano [&hellip;]\" \/>\n<meta property=\"og:url\" content=\"https:\/\/cicrecife.com.br\/novo\/elementor-2368\/\" \/>\n<meta property=\"og:site_name\" content=\"Col\u00e9gio da Imaculada Concei\u00e7\u00e3o\" \/>\n<meta property=\"article:modified_time\" content=\"2026-01-26T14:39:06+00:00\" \/>\n<meta name=\"twitter:card\" content=\"summary_large_image\" \/>\n<meta name=\"twitter:label1\" content=\"Est. tempo de leitura\" \/>\n\t<meta name=\"twitter:data1\" content=\"1 minuto\" \/>\n<script type=\"application\/ld+json\" class=\"yoast-schema-graph\">{\"@context\":\"https:\/\/schema.org\",\"@graph\":[{\"@type\":\"WebPage\",\"@id\":\"https:\/\/cicrecife.com.br\/novo\/elementor-2368\/\",\"url\":\"https:\/\/cicrecife.com.br\/novo\/elementor-2368\/\",\"name\":\"LISTA DE MATERIAIS 2026 - Col\u00e9gio da Imaculada Concei\u00e7\u00e3o\",\"isPartOf\":{\"@id\":\"https:\/\/cicrecife.com.br\/novo\/#website\"},\"datePublished\":\"2025-12-11T16:17:24+00:00\",\"dateModified\":\"2026-01-26T14:39:06+00:00\",\"breadcrumb\":{\"@id\":\"https:\/\/cicrecife.com.br\/novo\/elementor-2368\/#breadcrumb\"},\"inLanguage\":\"pt-BR\",\"potentialAction\":[{\"@type\":\"ReadAction\",\"target\":[\"https:\/\/cicrecife.com.br\/novo\/elementor-2368\/\"]}]},{\"@type\":\"BreadcrumbList\",\"@id\":\"https:\/\/cicrecife.com.br\/novo\/elementor-2368\/#breadcrumb\",\"itemListElement\":[{\"@type\":\"ListItem\",\"position\":1,\"name\":\"Home\",\"item\":\"https:\/\/cicrecife.com.br\/novo\/\"},{\"@type\":\"ListItem\",\"position\":2,\"name\":\"LISTA DE MATERIAIS 2026\"}]},{\"@type\":\"WebSite\",\"@id\":\"https:\/\/cicrecife.com.br\/novo\/#website\",\"url\":\"https:\/\/cicrecife.com.br\/novo\/\",\"name\":\"Col\u00e9gio da Imaculada Concei\u00e7\u00e3o\",\"description\":\"Col&eacute;gio da Imaculada Concei&ccedil;&atilde;o\",\"publisher\":{\"@id\":\"https:\/\/cicrecife.com.br\/novo\/#organization\"},\"potentialAction\":[{\"@type\":\"SearchAction\",\"target\":{\"@type\":\"EntryPoint\",\"urlTemplate\":\"https:\/\/cicrecife.com.br\/novo\/?s={search_term_string}\"},\"query-input\":\"required name=search_term_string\"}],\"inLanguage\":\"pt-BR\"},{\"@type\":\"Organization\",\"@id\":\"https:\/\/cicrecife.com.br\/novo\/#organization\",\"name\":\"Col\u00e9gio da Imaculada Concei\u00e7\u00e3o\",\"url\":\"https:\/\/cicrecife.com.br\/novo\/\",\"logo\":{\"@type\":\"ImageObject\",\"inLanguage\":\"pt-BR\",\"@id\":\"https:\/\/cicrecife.com.br\/novo\/#\/schema\/logo\/image\/\",\"url\":\"https:\/\/cicrecife.com.br\/novo\/wp-content\/uploads\/2023\/05\/Logo-CIC-2020-Copia.jpg\",\"contentUrl\":\"https:\/\/cicrecife.com.br\/novo\/wp-content\/uploads\/2023\/05\/Logo-CIC-2020-Copia.jpg\",\"width\":273,\"height\":151,\"caption\":\"Col\u00e9gio da Imaculada Concei\u00e7\u00e3o\"},\"image\":{\"@id\":\"https:\/\/cicrecife.com.br\/novo\/#\/schema\/logo\/image\/\"}}]}<\/script>\n<!-- \/ Yoast SEO plugin. -->","yoast_head_json":{"title":"LISTA DE MATERIAIS 2026 - Col\u00e9gio da Imaculada Concei\u00e7\u00e3o","robots":{"index":"index","follow":"follow","max-snippet":"max-snippet:-1","max-image-preview":"max-image-preview:large","max-video-preview":"max-video-preview:-1"},"canonical":"https:\/\/cicrecife.com.br\/novo\/elementor-2368\/","og_locale":"pt_BR","og_type":"article","og_title":"LISTA DE MATERIAIS 2026 - Col\u00e9gio da Imaculada Concei\u00e7\u00e3o","og_description":"EDUCA\u00c7\u00c3O INFANTIL Infantil I Infantil II Infantil III Infantil IV FUNDAMENTAL 1\u00ba ano &#8211; Fundamental Anos Iniciais 2\u00ba ano &#8211; Fundamental Anos Iniciais 3\u00ba Ano &#8211; Fundamental Anos Iniciais 4\u00ba Ano &#8211; Fundamental Anos Iniciais 5\u00ba Ano &#8211; Fundamental Anos Iniciais 6\u00ba Ano &#8211; Fundamental Anos Finais 7\u00ba Ano &#8211; Fundamental Anos Finais 8\u00ba Ano [&hellip;]","og_url":"https:\/\/cicrecife.com.br\/novo\/elementor-2368\/","og_site_name":"Col\u00e9gio da Imaculada Concei\u00e7\u00e3o","article_modified_time":"2026-01-26T14:39:06+00:00","twitter_card":"summary_large_image","twitter_misc":{"Est. tempo de leitura":"1 minuto"},"schema":{"@context":"https:\/\/schema.org","@graph":[{"@type":"WebPage","@id":"https:\/\/cicrecife.com.br\/novo\/elementor-2368\/","url":"https:\/\/cicrecife.com.br\/novo\/elementor-2368\/","name":"LISTA DE MATERIAIS 2026 - Col\u00e9gio da Imaculada Concei\u00e7\u00e3o","isPartOf":{"@id":"https:\/\/cicrecife.com.br\/novo\/#website"},"datePublished":"2025-12-11T16:17:24+00:00","dateModified":"2026-01-26T14:39:06+00:00","breadcrumb":{"@id":"https:\/\/cicrecife.com.br\/novo\/elementor-2368\/#breadcrumb"},"inLanguage":"pt-BR","potentialAction":[{"@type":"ReadAction","target":["https:\/\/cicrecife.com.br\/novo\/elementor-2368\/"]}]},{"@type":"BreadcrumbList","@id":"https:\/\/cicrecife.com.br\/novo\/elementor-2368\/#breadcrumb","itemListElement":[{"@type":"ListItem","position":1,"name":"Home","item":"https:\/\/cicrecife.com.br\/novo\/"},{"@type":"ListItem","position":2,"name":"LISTA DE MATERIAIS 2026"}]},{"@type":"WebSite","@id":"https:\/\/cicrecife.com.br\/novo\/#website","url":"https:\/\/cicrecife.com.br\/novo\/","name":"Col\u00e9gio da Imaculada Concei\u00e7\u00e3o","description":"Col&eacute;gio da Imaculada Concei&ccedil;&atilde;o","publisher":{"@id":"https:\/\/cicrecife.com.br\/novo\/#organization"},"potentialAction":[{"@type":"SearchAction","target":{"@type":"EntryPoint","urlTemplate":"https:\/\/cicrecife.com.br\/novo\/?s={search_term_string}"},"query-input":"required name=search_term_string"}],"inLanguage":"pt-BR"},{"@type":"Organization","@id":"https:\/\/cicrecife.com.br\/novo\/#organization","name":"Col\u00e9gio da Imaculada Concei\u00e7\u00e3o","url":"https:\/\/cicrecife.com.br\/novo\/","logo":{"@type":"ImageObject","inLanguage":"pt-BR","@id":"https:\/\/cicrecife.com.br\/novo\/#\/schema\/logo\/image\/","url":"https:\/\/cicrecife.com.br\/novo\/wp-content\/uploads\/2023\/05\/Logo-CIC-2020-Copia.jpg","contentUrl":"https:\/\/cicrecife.com.br\/novo\/wp-content\/uploads\/2023\/05\/Logo-CIC-2020-Copia.jpg","width":273,"height":151,"caption":"Col\u00e9gio da Imaculada Concei\u00e7\u00e3o"},"image":{"@id":"https:\/\/cicrecife.com.br\/novo\/#\/schema\/logo\/image\/"}}]}},"_links":{"self":[{"href":"https:\/\/cicrecife.com.br\/novo\/wp-json\/wp\/v2\/pages\/2368"}],"collection":[{"href":"https:\/\/cicrecife.com.br\/novo\/wp-json\/wp\/v2\/pages"}],"about":[{"href":"https:\/\/cicrecife.com.br\/novo\/wp-json\/wp\/v2\/types\/page"}],"author":[{"embeddable":true,"href":"https:\/\/cicrecife.com.br\/novo\/wp-json\/wp\/v2\/users\/3"}],"replies":[{"embeddable":true,"href":"https:\/\/cicrecife.com.br\/novo\/wp-json\/wp\/v2\/comments?post=2368"}],"version-history":[{"count":125,"href":"https:\/\/cicrecife.com.br\/novo\/wp-json\/wp\/v2\/pages\/2368\/revisions"}],"predecessor-version":[{"id":2590,"href":"https:\/\/cicrecife.com.br\/novo\/wp-json\/wp\/v2\/pages\/2368\/revisions\/2590"}],"wp:attachment":[{"href":"https:\/\/cicrecife.com.br\/novo\/wp-json\/wp\/v2\/media?parent=2368"}],"curies":[{"name":"wp","href":"https:\/\/api.w.org\/{rel}","templated":true}]}}